e 76*w - 4570 = 2621 + 257. What is the remainder when w is divided by 9?
8
Suppose -y = -4*p - 27, -14*p + 41 = -5*y + 164. What is the remainder when y is divided by (-4 - -6)*7/2?
5
Let f(m) = m**2 + 2*m + 1. Let r(j) = -8*j**2 - 23*j - 3. Let n(a) = 6*f(a) + r(a). Calculate the remainder when 764 is divided by n(-4).
14
Calculate the remainder when 25701 is divided by 30/(-225) + -2 + (-3092)/(-15).
201
Let n(x) = 2*x**3 - 49*x**2 + 36*x - 16. What is the remainder when n(24) is divided by 48?
32
Let l(y) = 3*y**2 - 47*y - 211. Calculate the remainder when l(-17) is divided by 24.
15
Let i = 10065 + -9949. What is the remainder when 8119 is divided by i?
115
Suppose -59*x + 9640 + 5287 = 0. What is the remainder when x is divided by 75?
28
Let c = 6203 + -5995. Calculate the remainder when c is divided by 53.
49
Suppose -273 = -2*g - 165. Let i be 3 + -1 + 0 + -8. Let v(r) = r**3 + 10*r**2 - 2*r + 1. Calculate the remainder when v(i) is divided by g.
49
Suppose -i = -2*m + 746, -3*m - 5*i = -588 - 505. Calculate the remainder when m is divided by 107.
50
Let g(u) = -111*u**3 - 2*u**2 - 5*u - 10. Let t be g(-3). Suppose -17*k = -4581 - t. What is the remainder when k is divided by 16?
13
Let x = 42 + -15. Calculate the remainder when -5 + (-2 - 40/(-6)) + (-1048)/(-12) is divided by x.
6
Suppose -1334 = 3*g + 4*o - 1533, 4*g = -4*o + 276. What is the remainder when 4155 is divided by g?
74
Let z(o) = -o + 12. Let q be z(12). Suppose q*r - p = 5*r - 54, -3*p = -5*r + 38. What is the remainder when 21 is divided by r?
1
Let u = -190 + 193. Suppose 0 = 4*k - 5*t - 482, -4*k - u*t + 480 = -7*t. Calculate the remainder when k is divided by 15.
13
Let q be (-3 + 4)/(-1) + 5 + 2. Let g(u) = -u**3 + 16*u**2 - 27*u + 8. Calculate the remainder when g(q) is divided by 13.
11
Let k = -4169 - -4450. Calculate the remainder when k is divided by 31.
2
Let w(s) = s**3 - 7*s**2 - 33*s + 20. Let r be w(10). Let b(y) = y**3 + 11*y**2 + 5*y - 25. Calculate the remainder when 145 is divided by b(r).
20
Calculate the remainder when 175 is divided by -107*((-98)/56 - 3/(-4)).
68
What is the remainder when 521 is divided by -2 - -16 - (-16 + 4 + 8)?
17
Let q = -4407 + 4681. Calculate the remainder when q is divided by 31.
26
Suppose -15 = 5*h - 15. Let a(t) = -4*t - 8*t + h - 9 + 10*t. Calculate the remainder when 59 is divided by a(-12).
14
Let g = -707 - -1477. Suppose -10*k + g = 4*k. Let p = -4 - -11. What is the remainder when k is divided by p?
6
Suppose -2993 = -269*t - 1585 + 6393. Let l be -4*1/((-8)/6). Suppose -2*g = l*j - 6*g - 251, -4*j + 345 = 5*g. What is the remainder when j is divided by t?
27
Suppose 1131*f + 84 = 1143*f. Calculate the remainder when 94 is divided by f.
3
Let w(b) = -b**2 - 25*b + 53. Suppose 6*m + 0*m = 78. Let k(u) = -u - 9. Let y be k(m). What is the remainder when w(y) is divided by 15?
14
Suppose 0 = -5*k + 11 - 26. Let t be (4 + (-26)/6)*k. What is the remainder when 27 is divided by (3 - 4)*(t - 1) + 6?
3
Suppose -m = 5*q - 191, -96*m = -99*m + 2*q + 573. What is the remainder when m is divided by 98?
93
Let y = -14168 - -22284. Calculate the remainder when y is divided by 18.
16
Let g(i) = 69*i**2 - 58*i + 1. What is the remainder when g(-1) is divided by ((-3)/6)/(1/(-26))?
11
Suppose -3*q - 587 + 1376 = 0. Calculate the remainder when q is divided by (-6 - (-452)/16) + 2/(-8).
21
What is the remainder when 895/4*(29 + 4932/(-180)) is divided by 212?
146
Let c = -705 - -3825. What is the remainder when c is divided by 44?
40
Let n(d) = d + 6. Let x be n(2). Let q(t) = t**2 + 11*t + 2. Let v be q(-12). Let j = v - x. Calculate the remainder when j is divided by 5.
1
Let t be (-4)/(-16)*-82 + 6/(-4). Calculate the remainder when (-6 - 7/(-2))*t is divided by 19.
17
Suppose -3*r - 1131 = -31*r - r. Suppose 224 + 121 = 3*w. Calculate the remainder when w is divided by r.
37
Let f(v) = -6*v**2 + 4*v - 12. Let a(q) = -2*q**2 + q - 4. Let r(y) = 8*a(y) - 3*f(y). Calculate the remainder when r(5) is divided by (-196)/105*-5*(-3)/(-2).
6
Suppose w + w - 148 = -2*q, 5*q - 376 = -2*w. Let c(d) = -d**3 + 13*d**2 - 11*d - 7. Calculate the remainder when c(8) is divided by q.
73
Suppose 2*i - 4*d - 884 = 618, -2980 = -4*i + 4*d. Calculate the remainder when i is divided by 62.
57
Suppose 287 = 4*a + 203. Suppose -a*w = -1668 - 243. Calculate the remainder when w is divided by 2/(-4) + (-188)/(-8).
22
Let z(b) = 408*b**2 + 59*b - 61. What is the remainder when z(1) is divided by 395?
11
Let y(l) = -14*l + 131. Let b be -4*(-477)/(-66) - (-3)/(-33). What is the remainder when y(b) is divided by 90?
87
Let s = -940 + 1066. Calculate the remainder when s is divided by 21.
0
Let a be 63/(-42) + 2/4. Let g be 1*a + 84/6. Suppose -g + 58 = 3*p. What is the remainder when 29 is divided by p?
14
Let d = -29 + 56. Suppose b - d + 15 = 0. Calculate the remainder when 45 is divided by b.
9
Let q = -106 - -64. Let u(x) = x**3 + 4*x**2 - 14*x - 16. Let b be u(-7). Let c = q - b. Calculate the remainder when 91 is divided by c.
22
Let j(u) = u**3 - u**2 - 2*u - 6. Suppose -215*y + 210*y = -545. Calculate the remainder when y is divided by j(4).
7
Let x = 137 + -109. Suppose -5*h - 4*a + x = -a, -5*h + 22 = -3*a. Let l(c) = -2*c + 13. What is the remainder when l(-2) is divided by h?
2
Let b(s) = s**3 - 20*s**2 + 98*s + 11. Suppose 0 = 4*n - n - 87. Calculate the remainder when b(5) is divided by n.
10
Suppose -2*q - 5625 = -3*c, -c - 277 + 2152 = -5*q. Calculate the remainder when c is divided by 67.
66
Suppose -310 = -4*j + 402. Let n = -118 + j. What is the remainder when 193 is divided by n?
13
Let u = -24771 + 25998. What is the remainder when u is divided by 87?
9
What is the remainder when 41 is divided by (14/6 - 2)/(-1*(-6)/468)?
15
Let r = -3758 - -3846. What is the remainder when 242 is divided by r?
66
Let u be (-344)/(-40) - (-4)/10. Suppose -u = -5*n + 56. Let j = 28 - n. What is the remainder when j is divided by 6?
3
Let v(f) = -9*f + 41 - 9*f - 12*f + 16*f. Suppose 0 = 2*x + 4*u - 230, 164 = 4*x - 3*u - 241. What is the remainder when x is divided by v(-1)?
50
Let b = -7191 + 14441. Calculate the remainder when b is divided by 59.
52
Let o = 265 + -245. Suppose 0 = o*d + 12*d - 1248. What is the remainder when d is divided by 30?
9
Let p = -207 - -211. What is the remainder when ((-18)/(-8))/(-9)*-116 is divided by p?
1
Suppose 0 = 4*w - 12, 0 = 4*r - 5*w - 5 - 0. Suppose -x - 5*o - 95 = -6*x, -r*x + o + 103 = 0. What is the remainder when 49 is divided by x?
7
Let u(g) = g**2 + g - 54. Let j be u(-9). Suppose j*z - 32*z = -770. Calculate the remainder when 272 is divided by z.
52
What is the remainder when ((-1984)/(-128))/(2/72) is divided by 26?
12
Suppose -7*g = -3*g. Suppose 4*f - 17 + 13 = g. Calculate the remainder when (f - -1) + 23 + (-6)/(-1) is divided by 12.
7
Let p(t) = -11*t**2 - 1213*t - 236. What is the remainder when 753 is divided by p(-110)?
1
Suppose 0 = 4*l + 5*d - 2287, -10*l + d + 1147 = -8*l. Suppose -1143 = -4*a + 5*m - 10*m, 2*a - l = -3*m. Calculate the remainder when a is divided by 16.
10
Suppose 0 = 5*o + 4*b - 522, o + 2*b = -50 + 158. What is the remainder when o is divided by 5?
2
Let g(w) = -w**2 - 46*w + 1563. Calculate the remainder when 12875 is divided by g(-66).
239
Suppose 51 + 28 = 4*k - r, -k + r + 22 = 0. Let m = 92903 - 92810. What is the remainder when m is divided by k?
17
Suppose -5*h + 5*b = -600, 11 = 3*b - 4. Let o = -80 + h. What is the remainder when 86 is divided by o?
41
Suppose -3*l + 64 = l. Let f be 11 + -10 - -1*l. Let s = f + 5. Calculate the remainder when 195 is divided by s.
19
Suppose 0 = -3*v + r - 3*r + 319, -r - 407 = -4*v. Suppose 5*a + 41 = 2*n, -3*n + 2*a = 6*a - 50. Calculate the remainder when v is divided by n.
13
Let g(o) = o**3 + 5*o**2 - 24*o + 45. Calculate the remainder when 1086/15 - (-12)/20 is divided by g(2).
23
Suppose 2*o = -3*a + a, 0 = -5*o - 4*a - 5. Let f(t) = 9*t + 65. What is the remainder when 217 is divided by f(o)?
17
Let k be 1*((-15 - -3) + 4). What is the remainder when 46 is divided by -5 + (-178)/k + (-16)/64?
12
Let l = -5767 - -7232. Calculate the remainder when l is divided by 134.
125
Let i be 267*(-2 - (-2 - -2)). Calculate the